t of h?
3
Suppose 2*n = 9 + 17. Let q(f) = f - 6. What is the units digit of q(n)?
7
Suppose 2*a - 8 = -2*a. What is the tens digit of -2 + 14 + a/2?
1
What is the units digit of (-1 + 2)/((-1)/(-4))?
4
Let n(v) = v**2 + 7*v + 16. Let o be n(-9). Suppose 3*d + o = 4*d. What is the units digit of d?
4
Let l(z) = z**2 + 5*z + 4. What is the tens digit of l(-11)?
7
Let p = -5 - -9. Suppose -p*b + 46 = 10. What is the units digit of b?
9
Let l(x) = -17*x. Let v be l(-4). Suppose 3*j + j - v = 0. What is the tens digit of j?
1
Suppose -82 = r - 3*r. What is the units digit of r?
1
Let t(o) = -2*o**2 - o + 4. Let k be t(5). Let g = -30 - k. What is the tens digit of g?
2
Suppose -2*w + 10 = -i, 0 = 5*w - 3*i + i - 25. Suppose 4*p + 0*u - 33 = w*u, 4*p - u = 13. Suppose -3 - 7 = -p*d. What is the units digit of d?
5
Suppose 4*z + 2 = -2*x + 46, 4*z = 2*x + 44. What is the units digit of z?
1
Let i = 6 - -2. Let b = -21 + 56. Suppose 0 = i*t - 3*t - b. What is the units digit of t?
7
Let o(g) = -g**2 - 3*g + 4. Let s = -7 - -4. What is the units digit of o(s)?
4
Suppose 0 = 2*r - 0*r - 32. What is the tens digit of r?
1
Suppose -4*o + 811 = -0*x + 3*x, 605 = 3*o - x. What is the units digit of o?
2
Suppose -p - 4 = -2*p. Suppose -a - p*a = -40. What is the units digit of a?
8
Let b(i) = -i**2 + 18. Let q be b(0). Suppose q = 5*h - 12. Suppose 2*x - h*x = -8. What is the units digit of x?
2
Let b be 3*3/9 + 2. Let i = 5 - b. Suppose i*d = 6*d - 4. What is the units digit of d?
1
Suppose -s + 3 - 39 = 0. What is the tens digit of (-40)/12*s/10?
1
Let o = -4 - -9. Suppose o*i = 8*i - 57. What is the units digit of i?
9
Let g = -2 - -5. Let l = -1 + g. What is the units digit of 28/(-16)*(-2 - l)?
7
Suppose -254 + 59 = 5*q. Let t = 56 + q. Let v = t - 6. What is the tens digit of v?
1
Suppose -12*w + 11*w + 41 = 0. What is the units digit of w?
1
Let s(t) = -30*t - 42. What is the units digit of s(-12)?
8
Suppose 2 = -4*x - 2*a, 0 = -x - a - 5 + 3. Let o = x - -1. Suppose -6 = -o*r, 4*r + 3 = 5*s - 15. What is the units digit of s?
6
Let j(s) = -5*s - 1. Let t be j(-3). What is the units digit of 178/t + 2/7?
3
Let l = -399 + 616. What is the tens digit of l?
1
Let y(r) = 5*r + 6*r**2 + r**3 + 5 + 2 - 3. Let c be y(-4). Suppose 0 = -u - 6 + c. What is the units digit of u?
0
What is the tens digit of -5*((-2)/(-5))/1 - -163?
6
Suppose 2*u - 7 = 5. Suppose 27 = b + u. What is the tens digit of b?
2
Suppose 0 = l - 5*l. Suppose 5*i + 7 - 22 = l. What is the units digit of i?
3
Let l be (0 - 0)/(-4 + 2). Let h = 3 - l. Suppose 3*c + 62 = 5*x, -24 = -4*x - c - h*c. What is the tens digit of x?
1
Suppose -j + 5*p = 34, 2*p = 5*j - 2*p + 128. What is the tens digit of (-89)/(-6) - 4/j?
1
Let l(x) = x**2 - 11*x + 2. Let q be 18/(-30) - (-33)/5. Let o(d) = d**2 - 10*d + 1. Let z(u) = q*o(u) - 5*l(u). What is the units digit of z(6)?
2
Let r = -2 - -4. What is the units digit of r?
2
Let z = -5 - -2. Let m(o) = 5*o**2 + 4*o + 4. Let i be m(z). Suppose -4*h + i = 5. What is the units digit of h?
8
Suppose -5*n = -n + 136. Let t be 1/3 - (592/(-12))/(-4). What is the units digit of 8/t - n/6?
5
Let u be (18/3)/(12/8). Suppose 4*x = u, -t - 2*x = -6*t + 138. What is the tens digit of t?
2
Let m(k) = k**3 - 9*k**2 + 10*k - 12. What is the units digit of m(8)?
4
Suppose 8*s - 3*s = 0. Let b(i) = s*i + i - 5 - i + 3*i. What is the units digit of b(4)?
7
Suppose 4*m = 4*i - 8*i + 20, -2 = -i. Suppose 5*n + 2*c - 41 = c, -m*n = -4*c - 43. What is the units digit of n?
9
Suppose -3*k = -2*k - 2. Let b(z) = z + 2. Let v be b(k). Suppose -3 = -v*c + 5. What is the units digit of c?
2
Let y = 417 - 202. What is the units digit of y?
5
Suppose -6835 = -15*j - 1975. What is the units digit of j?
4
What is the units digit of 10/1*(-36)/(-10)?
6
Let o be (3 - (0 + 1))*1. Let f be (0 - o)*(-33 - 2). Suppose 5*m + f = 5*q, -4*q - 2*m + 0 = -56. What is the units digit of q?
4
Let p be 9/(-3)*(-2)/3. Suppose -8 = -p*h + h. What is the units digit of h?
8
Suppose 5*b + 25 = -5*o + 3*b, b = 3*o + 26. Let d = 13 + o. What is the units digit of ((-8)/(-10))/(d/90)?
2
Suppose 2*y - 21 = -5*c, 17 - 5 = 3*c + y. Suppose -c*q - q - 8 = 0. Let n = 10 + q. What is the units digit of n?
8
What is the tens digit of -17*4/(-4) - 2?
1
What is the tens digit of (-3)/(12/(-44))*1?
1
Let h = -4 - -9. Let k(s) be the third derivative of -s**5/60 + 7*s**4/24 - 5*s**3/6 - s**2. What is the units digit of k(h)?
5
Let q(g) = -g**2 + 26*g + 1. What is the tens digit of q(21)?
0
Let f be (-18)/(-2)*8/12. Let l = 7 - f. What is the units digit of l?
1
Let u = -67 + 88. What is the units digit of u?
1
Suppose -4*s + 63 = 3*v, 2*s = s + 3. What is the tens digit of v?
1
Suppose 21 - 72 = -3*p. What is the tens digit of p?
1
Suppose -l - 2*l - 4*i = -107, -i = 5*l - 184. What is the units digit of l?
7
What is the units digit of 3 + (-7)/((-7)/407)?
0
Suppose -2*d + 5*x - 47 = -3*d, 20 = 4*x. What is the units digit of d?
2
What is the tens digit of 324 + 12/30*5?
2
Let x = 9 - -10. What is the tens digit of x?
1
Let l(h) = 13*h**2 - 8*h - 7. What is the tens digit of l(-2)?
6
Let m(j) = -j**3 + 6*j**2 + 5*j + 4. Let c be m(7). Let k = c - -7. What is the tens digit of ((-7)/k + -2)*51?
1
Suppose 0 = -3*r + 2*k - 18, 27 = -3*r + 2*k + 3*k. Let u(p) = -p**2 - 7*p + 2. What is the units digit of u(r)?
4
Suppose 0 = 6*s - 344 - 112. What is the tens digit of s?
7
Suppose 3*w - 9 + 3 = 0. Let o = w - 1. What is the units digit of o*(-1)/(-1) + 1?
2
Suppose 2*d = -u + 49 + 4, -4*u = -4*d - 224. What is the tens digit of u?
5
Let z be 4/14 - 162/(-21). Suppose z = 3*p + 80. What is the units digit of ((-6)/(-8))/((-3)/p)?
6
Let z = 10 - 5. Let k = z - 9. What is the units digit of (-2)/k - (-1)/2?
1
What is the units digit of -6*12/(-27)*6/8?
2
Suppose 0*n = -2*n + 698. What is the tens digit of n?
4
Let h = -61 + 211. What is the hundreds digit of h?
1
Let z = 7 + -4. Suppose 2 = -g + z*g. What is the units digit of 2 - (g - 1) - 0?
2
Suppose 18*l - 16 = 17*l. What is the units digit of l?
6
Let a = -6 - -9. Suppose 0 = n + n + 3*f - 25, -20 = -a*n - f. What is the units digit of n?
5
What is the tens digit of ((-34)/(-8))/((-5)/(-20))?
1
Suppose 6*o - 4*o - 60 = 0. What is the units digit of o?
0
Suppose -b - 5*u = -31, -2*b - 7*u + 3*u = -56. Suppose f - 3*f = -b. What is the units digit of f?
3
Suppose 4*v - 6*v = -78. What is the units digit of v?
9
Let t be (1 - -6*1) + 0. Let n(g) be the third derivative of g**5/60 - 5*g**4/24 - g**3 + g**2. What is the units digit of n(t)?
8
Let w(t) = t**2 + 9*t + 10. Let i be w(-7). Let x be (i + 1)*(0 + -1). Let h = x - 0. What is the units digit of h?
3
Suppose -3*w + 381 = 5*n, 5*n - 2*n = 4*w + 217. What is the tens digit of n?
7
Let k(h) = 2*h**2 - h. Let r = 4 + -6. What is the tens digit of k(r)?
1
Let v(d) = -d + 9. Let r(m) = 2*m - 17. Let q(b) = 6*r(b) + 11*v(b). Let j be q(6). Suppose -h - 2*p - 9 = 3*p, -43 = -5*h - j*p. What is the units digit of h?
1
Suppose 8*m = 3*m + 5*z + 35, 0 = 4*m + 4*z - 4. Let c = 0 + m. What is the units digit of c?
4
Suppose 5*v - 80 - 400 = -5*m, -3*m = -3*v - 294. What is the tens digit of m?
9
Let w(x) = -x**3 + x**2 + 8*x - 8. Let h(q) = -q**3 + 2*q**2 + 8*q - 8. Let m(z) = 4*h(z) - 3*w(z). Let u = -8 - -14. What is the units digit of m(u)?
4
Let a(f) = 7*f - 13. What is the tens digit of a(6)?
2
Suppose 5*d - 16 = d. Suppose 9 = x - d. What is the tens digit of x?
1
Suppose -5*s + s + 12 = 0. Suppose -s*n = -n + 28. What is the units digit of 4/6 + n/(-6)?
3
Let i = -1 - -3. Let y(m) = m**2 + m - 1. Let k be y(2). Suppose -5*a + 42 = 4*q, q = k*a - 25 - i. What is the units digit of a?
6
Suppose -3*w - 4*u + 72 = 0, -w = -5*w + 5*u + 127. What is the tens digit of w?
2
Suppose 3 = -3*o + 9. Suppose 5*a - 33 = o. What is the units digit of a?
7
Let s(l) = -l**2 + 13*l + 7. What is the units digit of s(8)?
7
Let b(l) be the second derivative of -3*l + 0*l**2 + 0 - 17/6*l**3. What is the tens digit of b(-1)?
1
Let v be -2 + (-2 - -10) - 2. Suppose v*o = -20, -d = -3*d - 2*o + 10. Let s(n) = n**2 - 10*n + 15. What is the units digit of s(d)?
5
Suppose -u = 4*u - 60. Suppose 0 = 7*z - 3*z - u. Suppose 0 = z*x + 4*l - 13, 6*l -